 of t.
2, 11
Let h = -10 + 4. Let w be (26 + 0)/(-2 + 4). Let g = w + h. List the prime factors of g.
7
Let a(i) = 2*i - 2. Let x be a(4). List the prime factors of x*(0 - 3 - -5).
2, 3
Let a = -18 + 39. What are the prime factors of a?
3, 7
Let v(f) = f**2 + 5*f + 6. Let r be -8 + (1 + 2)*1. List the prime factors of v(r).
2, 3
Let h(u) = -2*u**2 + 5*u**2 + u + 0*u**2 - u**3. Let z be h(3). List the prime factors of -5*(3/z)/(-1).
5
Let r be (47/2)/((-5)/(-10)). Suppose -3*i + r = -34. Let n = -15 + i. List the prime factors of n.
2, 3
Suppose -30 = -2*g - 2*r, -69 = -3*g - g - r. Let m = -13 + g. Suppose 0 = 4*a - 3*w - 24, 2*a = m*w - 3 + 1. What are the prime factors of a?
3
Let u = -3 + 6. Suppose 2*g + 3*a = 20 - 2, u*g - a = 16. What are the prime factors of g?
2, 3
Let x(f) = -4*f - 2. Let b be x(3). Let g be -2*(b/4 + 1). Let w(m) = m**2 - 2*m - 3. List the prime factors of w(g).
2, 3
Suppose -168 = 2*p - 8*p. What are the prime factors of p?
2, 7
Suppose -v + 799 = 2*v + 4*l, 3*v - 3*l - 792 = 0. Suppose -14*b - v = -19*b. List the prime factors of b.
53
Let v(x) = -x**2 - 7*x + 8. Let y = -18 + 10. Let o be v(y). List the prime factors of o - -2*(1 + 3).
2
Let o(y) = -2*y + 5. Let v be o(6). Let l(j) = -j**3 - 8*j**2 - 8*j + 8. List the prime factors of l(v).
3, 5
Let s(l) = -l**3 - 5*l**2 - 7*l - 4. Let h be (-1)/7 + 27/(-7). List the prime factors of s(h).
2
Suppose 5*p - 7 - 18 = -3*z, -3*p + z = -1. Suppose -6 = -p*j - 36. What are the prime factors of (2/(-1) - j) + -2?
11
Suppose -4*j = -k - 5 + 10, -15 = 3*k + 3*j. Let m(r) = -r**3 - 2*r**2 - r. List the prime factors of m(k).
2, 3
Let y(r) = 320*r**3 - 4*r + 4. What are the prime factors of y(1)?
2, 5
Let z(g) = g**2 - 2*g. Suppose -4*w - 3*v + 27 = 0, -3*w + 3*v - 12 = -2*w. What are the prime factors of z(w)?
3
Let k(y) = y**3 - 4*y**2 + 3*y. Let m be k(4). Let u = -1 + m. What are the prime factors of u?
11
Let k = -105 - -109. List the prime factors of k.
2
Let z = 3 + 0. Suppose v - 27 = -v + 3*m, z*v - 48 = -3*m. Suppose 0 = -4*s + 83 - v. List the prime factors of s.
17
Let z(g) = -2*g - 5. List the prime factors of z(-13).
3, 7
Suppose g - 1188 = -8*g. List the prime factors of g.
2, 3, 11
Suppose 13 = -3*f - 11. Let g = -4 - f. Suppose 3*q + 2*a = g*a + 27, 5*q + 4*a - 45 = 0. List the prime factors of q.
3
Let q be (-1 - -2)/((-1)/8). Let l(z) = 5*z**3 + 9*z**2 + 11*z - 2. Let h(g) = -g**3 - g + 1. Let t(a) = 4*h(a) + l(a). What are the prime factors of t(q)?
2, 5
Let c = 53 - -34. What are the prime factors of c?
3, 29
Let s(o) = -73*o**3 - 3*o**2 - 3*o - 1. Let c be s(-1). Suppose 0*l = 3*l - 4*k - 125, 3*k - c = -2*l. List the prime factors of l.
3, 13
Let x be 28 + 0/(1 + -2). Suppose 3*t + 26 + x = 5*g, 3*g + t - 24 = 0. What are the prime factors of g?
3
Suppose -4*c - a = -2*c - 95, 3*a = 3*c - 129. Suppose y = 2*b - y - 60, 5*y = -2*b + c. What are the prime factors of b?
2, 7
Suppose -31 = 3*z + 68. Let v = 56 + z. List the prime factors of v.
23
Suppose 3*c - 6*c + 168 = 0. List the prime factors of c.
2, 7
Suppose 0*q = -2*q + 442. Suppose -4*b - 17 = -q. Suppose 3*h - 18 = h - 2*z, 5*h = z + b. List the prime factors of h.
2, 5
Let i = -63 + 66. List the prime factors of i.
3
Let a(s) = 4*s**3 + s**2 - s - 1. Let y be a(-1). Let k = y + 7. List the prime factors of k.
2
Suppose -5*j + 15 = -0. Suppose 3*n - 4*n = -j*x - 7, 0 = 3*n + x - 11. Suppose -5*c + 10 = -w, -2*w + 32 = n*c - c. List the prime factors of w.
2, 5
Let y(o) = o**3 - 3*o**2 - 2*o - 3. Suppose -7 - 9 = -4*a. List the prime factors of y(a).
5
Suppose -3*k - 2*g = -5*g - 21, -4*k + g = -25. Suppose 3*f - 4*c = 53 + 6, -2*f + k = 4*c. List the prime factors of f.
13
Let n = -18 - -11. Let r = n - -10. Suppose -d - r*d = -56. What are the prime factors of d?
2, 7
Suppose 2*p - 71 = -29. List the prime factors of p.
3, 7
Suppose 5*d = 11 + 14. Let s = 5 - d. Suppose -5*j - 3*x = -0*x - 26, s = -j + 4*x - 4. List the prime factors of j.
2
Suppose p = -2*p + 15. Suppose 0 = -p*r - 5*i - 35, -r - 5 = 4*i - 5*i. What are the prime factors of (8/(-10))/(r/15)?
2
Suppose -2*q - 2*r - 54 = 2*q, -3*q + r = 38. Let t be (-1)/(-4) - (-166)/8. Let o = t + q. List the prime factors of o.
2
What are the prime factors of (24 - 0) + 2 + 2?
2, 7
Let l = -88 + 166. What are the prime factors of l?
2, 3, 13
Let p(i) = i**2 - 6*i + 6. Let t be p(4). List the prime factors of 5/t*(0 + -2).
5
What are the prime factors of (-1)/(-1)*((253 - -4) + 5)?
2, 131
Suppose 3*u + u = -40. List the prime factors of 104/(-4 + (-4 - u)).
2, 13
Suppose 2*f = 3*d + 5*f + 2331, 5*d = -2*f - 3876. What are the prime factors of (-2)/(-10) - d/30?
2, 13
Suppose -k = 4*u + 3*k + 32, -4*u - 20 = k. Let j(w) = -2*w - 6. List the prime factors of j(u).
2
Let o(p) = -p**2 + p - 1. Let q(d) = 6*d**2 + 4*d + 1. Let j(m) = -5*o(m) - q(m). Let s be j(-10). List the prime factors of (s/(-4))/((-7)/(-28)).
2, 3
Let i = -2 - -67. Suppose 110 = 3*w - 4*z - 0*z, 2*w - z = i. List the prime factors of w.
2, 3, 5
Let d(f) = -f**2 - 9*f. Let a be d(-9). Suppose a = -s + 26 - 9. What are the prime factors of s?
17
Let s(m) = -m**3 - 8*m**2 - 2*m - 5. Let z be s(-8). Suppose -5 = -4*c + z. Suppose -c*f = -0*f, f = -d + 17. What are the prime factors of d?
17
Let n = 11 + -11. List the prime factors of 34/(-2)*(-1 - n).
17
Suppose -8*u - 135 = -13*u. List the prime factors of u.
3
Suppose 0*p - 156 = -6*p. List the prime factors of p.
2, 13
Let w(y) = 7*y**2 - 5*y**2 - 4*y + 3 - 3*y. List the prime factors of w(5).
2, 3
Let q be -5 - 5 - (1 - -1). Let a = q + 48. List the prime factors of a.
2, 3
Let a be (-11)/(-2) - 1/2. Suppose -69 = -4*t - a. What are the prime factors of t?
2
Let d(y) = -28*y + 12. List the prime factors of d(-12).
2, 3, 29
Let v = 63 + -4. What are the prime factors of v?
59
Let d = 1 - 11. Let p = d + 20. Suppose -5*u - p = -40. What are the prime factors of u?
2, 3
Let v = 3 + 1. Suppose 0 = v*w, -7*w + 10 = 5*t - 2*w. Suppose -8 = -5*g + t. What are the prime factors of g?
2
Let t = -77 - -113. List the prime factors of t.
2, 3
Suppose 2*m - 10 = -3*m. Suppose -1 = -m*y + 3. What are the prime factors of y/(-3) + (-112)/(-6)?
2, 3
Let g(i) = 3*i**3 + 6*i**2 - 4*i + 5. List the prime factors of g(4).
277
Suppose -m - 4*h = 3*m + 24, 3*m + 16 = -4*h. Let y(q) = q**3 + 7*q**2 - 10*q - 9. List the prime factors of y(m).
7
Let n(l) = 2*l**3 - l**3 + 6*l**2 - 4 + 7*l + 2*l**2. Let b be n(-7). What are the prime factors of 264/27 - b/18?
2, 5
Let y(g) = -2*g**2 + 14*g + 3. Let h be y(7). Suppose -h*n + n - 3*d = -89, d + 128 = 3*n. What are the prime factors of n?
43
Suppose 18 = 10*y - 7*y. What are the prime factors of y?
2, 3
Suppose -69*k = -64*k - 565. What are the prime factors of k?
113
Let t(f) = 3*f + 12. Let o(m) = -m - 6. Let z(y) = 5*o(y) + 2*t(y). Let v be z(6). Suppose 3*x - 34 = -4*i, v*i + 2*i = x - 8. List the prime factors of x.
2, 5
Let s = 10 + -7. Suppose 2*n + 3*q - q = 56, -15 = -s*q. List the prime factors of n.
23
List the prime factors of (6/9)/((-2)/(-735)).
5, 7
Suppose 2*q + 54 = 198. What are the prime factors of q?
2, 3
Let p = 14 - 23. What are the prime factors of (-3)/p*1*69?
23
Let j be 18/12 + 21/(-2). Let o be (-3)/12 - j/4. Suppose z - 2*y - 10 - 6 = 0, 4*z - o*y = 34. List the prime factors of z.
2, 3
Let z(x) = 2*x - 10. Let p be z(0). Let n = 48 + p. List the prime factors of n.
2, 19
Suppose b = -q - 0*b - 10, -2*q - 55 = -5*b. Suppose 5*d + 13 + 12 = 0. List the prime factors of (-54)/q + 3/d.
3
Suppose -3*v - 4*n + 40 = 0, -n = -5*v + 4*n + 20. List the prime factors of v.
2
Let n = 6 + -8. Let u = n + 0. Let w(d) = -4*d - 2. What are the prime factors of w(u)?
2, 3
Suppose x - 4*x + 21 = 0. Let s = x - 4. Suppose s*i = 6 + 3. What are the prime factors of i?
3
Let d be 18/((-2)/(-4) + -2). Let u = 39 + d. What are the prime factors of u?
3
Let l(p) = p + 7. Let o be l(-7). Suppose -3*f = 3*t - 12, -t - t + 2*f = o. Suppose 2*q = 2*m - 6, 0 = 4*m - t*q - 1 - 19. What are the prime factors of m?
7
Suppose -h + 40 = 4. What are the prime factors of h?
2, 3
Suppose -2*h - 1 + 5 = 0. Suppose -h*y + 4*y - 30 = 0. List the prime factors of y.
3, 5
Suppose 3*b + 4 = 4*b. Suppose -5*z = -b*